18754 composite?
True
Is 22190193089 a prime number?
True
Is 15196742851 a prime number?
True
Is 2776035779 a prime number?
False
Is 437607193 a prime number?
False
Is 28703011291 a prime number?
True
Is 15492093871 a prime number?
True
Is 57084896327 a prime number?
False
Is 342809521 prime?
True
Is 14825076821 prime?
False
Is 23555308487 prime?
True
Is 149422829 a composite number?
True
Is 1795156523 prime?
True
Is 764145281 a prime number?
False
Is 21552971 prime?
False
Is 608870305 prime?
False
Is 3505757713 prime?
False
Is 74720047067 a composite number?
False
Is 1773937481 a composite number?
True
Is 37909030127 a prime number?
False
Is 19012221721 composite?
False
Is 54414065 composite?
True
Is 39473177563 composite?
False
Is 1619294002 a composite number?
True
Is 69382723 composite?
False
Is 13763086591 prime?
True
Is 63633670339 composite?
True
Is 2264891501 prime?
True
Is 8742006517 a prime number?
False
Is 59655083 a composite number?
False
Is 3811938913 prime?
True
Is 501277951 a prime number?
False
Is 6341346499 prime?
True
Is 21595934473 composite?
True
Is 469437979 prime?
False
Is 303534433 prime?
False
Is 1078851139 a composite number?
True
Is 3981026066 composite?
True
Is 5198927471 a composite number?
True
Is 5859428347 a prime number?
True
Is 809642736235 a prime number?
False
Is 68344515337 prime?
False
Is 12744657157 composite?
True
Is 197223869 a prime number?
True
Is 170878853 a composite number?
False
Is 3290438743 a composite number?
True
Is 13579363927 a composite number?
False
Is 5320168669 composite?
True
Is 11471834531 a composite number?
False
Is 3135302231 a prime number?
False
Is 13971396899 composite?
False
Is 1039600654 a prime number?
False
Is 1404653137 a composite number?
True
Is 3013784437 prime?
True
Is 2848683491 prime?
True
Is 106037994043 a composite number?
True
Is 28245937793 a composite number?
True
Is 760986707 a prime number?
False
Is 71231213 a prime number?
False
Is 828618169 composite?
False
Is 7305889423 prime?
False
Is 22280544031 a composite number?
False
Is 19164587027 prime?
True
Is 1124499769 a composite number?
True
Is 337770347 a composite number?
False
Is 7777106165 composite?
True
Is 913532413 a prime number?
True
Is 5894187349 composite?
False
Is 64100587619 prime?
True
Is 80346306883 a prime number?
False
Is 36498183069 prime?
False
Is 2441457983 a composite number?
False
Is 199430346629 a prime number?
True
Is 20121534649 prime?
True
Is 367610611 prime?
False
Is 48366438542 composite?
True
Is 665037851 a composite number?
False
Is 5359119679 composite?
True
Is 630714659 a composite number?
True
Is 9939086041 a composite number?
False
Is 15841872317 composite?
False
Is 46807676219 a prime number?
True
Is 3258746011 a prime number?
True
Is 8164623721 a composite number?
True
Is 6884000489 a prime number?
False
Is 99243701 composite?
False
Is 74126193 prime?
False
Is 2938311083 a prime number?
True
Is 52128259 prime?
True
Is 7395178601 a prime number?
True
Is 10801002886 composite?
True
Is 14729377631 a prime number?
False
Is 917988485 prime?
False
Is 8750380451 composite?
True
Is 1236919543 composite?
False
Is 1877771369 a composite number?
False
Is 859084691 prime?
True
Is 15323385239 composite?
True
Is 3641903959 a prime number?
False
Is 15907280761 prime?
True
Is 14534516117 prime?
False
Is 4615966801 prime?
False
Is 115713623383 a composite number?
False
Is 13409153657 composite?
False
Is 1149380783 prime?
False
Is 21962500397 prime?
True
Is 61302469073 composite?
False
Is 99785609999 a prime number?
True
Is 1503867083 a composite number?
True
Is 1349864639 composite?
False
Is 122540623 a prime number?
False
Is 41395038667 prime?
True
Is 11568775211 a prime number?
False
Is 56993365259 composite?
False
Is 3605453 composite?
True
Is 5360912983 composite?
False
Is 8155964441 a prime number?
True
Is 1641209539 composite?
False
Is 27364302389 a composite number?
False
Is 1245851287 a prime number?
True
Is 18109952171 composite?
True
Is 142952807 a prime number?
True
Is 18705716779 a prime number?
True
Is 40503766399 a prime number?
True
Is 139253519 a composite number?
True
Is 356451923 a prime number?
True
Is 31067253253 composite?
False
Is 212560531 prime?
False
Is 5675164557 a prime number?
False
Is 431420551 composite?
True
Is 57569981965 a composite number?
True
Is 1452111343 composite?
True
Is 77476423 a composite number?
False
Is 539465581 prime?
False
Is 325370593 a composite number?
True
Is 53709826 a composite number?
True
Is 1919749423 a composite number?
False
Is 85301793139 a composite number?
True
Is 55438316971 a prime number?
True
Is 29997711983 composite?
False
Is 247112809 composite?
True
Is 630697493 a composite number?
False
Is 11328302387 composite?
True
Is 25043444773 prime?
True
Is 1387869181 a composite number?
True
Is 272539463 a composite number?
True
Is 1374623554 a prime number?
False
Is 87540933707 a composite number?
False
Is 14874823 prime?
False
Is 4899493 composite?
False
Is 1417784977 composite?
True
Is 22183439351 prime?
False
Is 27569607418 a prime number?
False
Is 3636408749 prime?
False
Is 252316060197 a composite number?
True
Is 4509157339 a prime number?
False
Is 152717011 prime?
True
Is 3677593939 composite?
False
Is 973879169 a composite number?
False
Is 97948843 prime?
True
Is 352436039723 composite?
True
Is 2721334333 a composite number?
True
Is 18161075953 a composite number?
False
Is 13304289767 composite?
True
Is 47115120751 a composite number?
True
Is 17937511 prime?
False
Is 4114987311 a prime number?
False
Is 733588799 a composite number?
False
Is 17292122506 prime?
False
Is 893414279 composite?
False
Is 1091325269 a prime number?
False
Is 11209232861 composite?
True
Is 3034198991 a prime number?
True
Is 100344446247 a prime number?
False
Is 9112594103 composite?
True
Is 10993622567 a prime number?
False
Is 261890131 prime?
False
Is 2121001993 prime?
False
Is 41598810226 composite?
True
Is 2345545541 composite?
False
Is 498671209 a prime number?
False
Is 3328663633 composite?
False
Is 513116293 prime?
False
Is 2975989033 a prime number?
True
Is 243022561 composite?
False
Is 3589687813 a composite number?
False
Is 1672412191 a composite number?
True
Is 1661738653 a prime number?
True
Is 1340136683 a composite number?
False
Is 1981242391 a composite number?
False
Is 1091949241 prime?
True
Is 2481252643 prime?
True
Is 10157400619 prime?
False
Is 111058361 prime?
True
Is 29641584179 composite?
False
Is 1463412179 a prime number?
True
Is 1626799621 composite?
False
Is 4790691993 prime?
False
Is 4188551979 a prime number?
False
Is 739637117 composite?
False
Is 337947791 a composite number?
False
Is 1249772135 a prime number?
False
Is 9247490827 prime?
False
Is 646243471 composite?
False
Is 896092621 a prime number?
False
Is 2105287285 composite?
True
Is 36362934191 a prime number?
False
Is 2483835019 a prime number?
True
Is 38209692557 a prime number?
True
Is 19969267309 composite?
False
Is 1511054167 composite?
True
Is 47109886069 prime?
False
Is 281150549 prime?
True
Is 2537145959 a prime number?
False
Is 3930048227 a composite number?
True
Is 164272852427 prime?
False
Is 11788247819 composite?
True
Is 15435966683 composite?
False
Is 18402816643 composite?
True
Is 344793571323 a prime number?
False
Is 89806230214 a prime number?
False
Is 4217207609 a prime number?
True
Is 50189572247 prime?
True
Is 4219030499 a prime number?
False
Is 67838910679 prime?
False
Is 306067543 a composite number?
False
Is 762539389 a prime number?
False
Is 1348363031 prime?
True
Is 16291836929 prime?
False
Is 4427338309 a composite number?
False
Is 32954280613 a prime number?
True
Is 118268629 a composite number?
True
Is 19037471317 a prime number?
False
Is 64838542303 composite?
True
Is 1687916381 a composite number?
False
Is 647877479 a composite number?
True
Is 1486578011 composite?
False
Is 8462290747 prime?
True
Is 1101860323 composite?
False
Is 28636784531 a prime number?
True
Is 5407035019 a prime number?
True
Is 438217651 a composite number?
True
Is 8952152791 a prime number?
False
Is 2013635773 prime?
True
Is 16138333 a prime number?
True
Is 6444261737 prime?
False
Is 813261437 a prime number?
True
Is 3335132783 a composite number?
False
Is 107928